 Calculate c(-2).
29
Let c be (-42)/38 + (5 - 1581/323). Let m(s) = 19*s + 3. What is m(c)?
-16
Let r(k) = -6 + 2*k + 1 - 5. Suppose -62 = -2*m - 8*p, -5*m - 3*p + 6 + 30 = 0. Let g(f) = 5*f - 31. Let x(q) = m*g(q) - 8*r(q). Determine x(-10).
-3
Let h(f) = -f**3 + 3*f**2 + 2*f + 12. Let t be h(4). Suppose 0 = -11*o - 0*o - t*o. Let k(b) = -b**2 - b + 25. Determine k(o).
25
Let f(a) = -a**2 - 30*a - 212. Let b be (-750)/58 - 420/6090. What is f(b)?
9
Let g(j) be the third derivative of j**6/120 - 17*j**5/60 + 7*j**3/3 + 1528*j**2. Calculate g(17).
14
Let i(s) = s**2 + 5*s - 7. Let u = -10 + 41. Let f = u - 7. Let v be 1*-7*f/28. What is i(v)?
-1
Suppose -3*z - 32 + 5 = 0. Let v be (2 - 6/z)*9/4. Suppose 0 = -5*x - 4*s - 9, 17 = -3*x + 2*s - v. Let y(r) = r**3 + 5*r**2 - r - 5. Give y(x).
0
Let q(f) be the first derivative of f**4/4 - 3*f**3 - 3*f**2 + 116*f - 13999. What is q(8)?
4
Let r(b) be the second derivative of b**5/10 - b**4/12 - b**3/3 - b**2/2 - 2*b. Suppose 109*q - 10 = 104*q. Give r(q).
7
Let s(u) = u - 2. Let x(k) = -4*k + 1. Let y(w) = -2*w**3 - 4*w**2 + 7*w + 4. Let t be y(-3). Let b(o) = t*x(o) + 3*s(o). What is b(-9)?
4
Let x(p) = p**3 + 2*p**2 - 3*p - 2. Suppose 0 = -2*r + r. Suppose g - 4 = -r*g. Let u be -4 + (3 - 4/g). What is x(u)?
4
Let g(m) = 3*m. Let d be (-137)/3 - (-12)/(-36). Let s = d - -56. Suppose 0 = s*n - 8*n - 6. What is g(n)?
9
Let l = 276761 + -276751. Let p(c) = 6*c. Let k(z) = 5*z + 1. Let a(i) = 3*k(i) - 2*p(i). Calculate a(l).
33
Let g(s) be the first derivative of -s**2/2 - 14*s + 1266. Calculate g(-4).
-10
Let x be (-11 - -28)/17 + 44/(4/(-2)). Let d(l) = -l**3 - 21*l**2 + 4*l + 36. Calculate d(x).
-48
Let s(d) = 7*d + 13. Let u(k) = 9*k + 8. Let j(q) = -2*q - 2. Let t(y) = 5*j(y) + u(y). Let z(x) = s(x) + 3*t(x). What is z(-5)?
-13
Let w(x) = 5*x**3 - 8*x**2 - 14*x - 1. Let u(k) = 5*k**3 - 7*k**2 - 11*k. Let l(f) = -4*u(f) + 3*w(f). Give l(3).
-96
Let d(n) = n**2 + 3*n - 3. Let y be ((-9)/(-2) - 4)*6. Suppose -81 = -y*a + 3*t, -2*a + 0*a + 5*t + 48 = 0. Let x = -32 + a. Give d(x).
-3
Let v(l) = 10*l - 46. Let j be v(17). Let g = -126 + j. Let k be g/1*(15 + -16). Let d(z) = -2*z**3 + 3*z - 3. Give d(k).
-13
Let h(y) = -y**3 + 23*y**2 + 23*y + 28. Suppose 0 = -83*k + 229*k - 3504. Determine h(k).
4
Suppose 2*w + 2*j - 20 = 0, -w + 2*j + j - 2 = 0. Suppose 488 = r + w*r. Let l = r - 67. Let i(z) = -z**3 - 6*z**2 + 2*z + 2. Determine i(l).
-10
Let l be 8 + (-3 - 7) - 2. Let y(x) = x**2 - 4*x - 29. Determine y(l).
3
Let x(z) be the first derivative of 4*z**2 + 37 - 135*z - 3*z**2 + 64 + 138*z. Give x(4).
11
Let n(l) = -l**2 - 99*l - 1 + 2*l**2 - 2*l**2 + 103*l. Suppose -155*g = -145*g - 50. Give n(g).
-6
Let d(q) = 6*q + 21. Suppose 5*t - 350 = w, -280 = -4*t - 19*w + 16*w. Let m = t + -74. Calculate d(m).
-3
Let o(m) be the first derivative of -7*m**5/60 - m**4/24 + m**2/2 + 1. Let k(b) be the second derivative of o(b). Let q be (1 - -2)*(9/81*-6)/2. Give k(q).
-6
Let b(m) = -43*m - 2. Let i(a) = -9*a**2 + 53*a - 39. Let g be i(5). What is b(g)?
-45
Let j = -396 + 406. Suppose -4*s - 14 = j. Let i(a) = -a**2 - 13*a - 7. Calculate i(s).
35
Suppose 3*k = 4*k - 3*p, -k + 2 = -p. Suppose -3*r + k*r + 3*r = 0. Let y(d) = -2*d + d**2 - 68 + 2*d + d**3 + 72. What is y(r)?
4
Let z(c) = -c + 56. Let y = 8647 + -8605. What is z(y)?
14
Let s = -137 - -99. Let p = -35 - s. Let m(n) = 0*n - 7*n**2 - 6 + 14*n**p + 13*n**3 + n - 26*n**3. Give m(7).
1
Let k(s) = -72*s + 23. Let u(n) = -67*n + 38. Let t(j) = 6*k(j) - 7*u(j). Calculate t(4).
20
Let j(k) = -2*k - 33. Let p be (((-171)/(-6))/(-3))/(1/2). Let o be j(p). Suppose -5*l = -o, 6*v - 2*l = v + 3. Let q(w) = 9*w**3 - w. What is q(v)?
8
Let o(z) = -z**3 + 9*z**2 - 15*z + 27. Let x = 10499 - 10492. What is o(x)?
20
Let z(g) = -3819*g + 7586*g - 3*g**2 - 14 - 3788*g. What is z(-6)?
4
Let k(t) = 97*t + 1 - 7*t - 89*t. Give k(-2).
-1
Let j(l) = 11*l + 18. Suppose 32*h + 41*h + 146 = 0. Give j(h).
-4
Let w(m) be the second derivative of -m**5/20 - 5*m**4/6 - m**3 + 19*m**2/2 + 16*m + 71. Determine w(-9).
-8
Let s be 4 - (2 - (2 + 13) - 0). Suppose s*j - 8 = -76. Let k(p) = 3 + 5 - 4 + p. Determine k(j).
0
Let l(b) be the first derivative of b**3/3 - 21*b**2 + 122*b - 5061. Calculate l(39).
5
Let o(p) = -p + 6. Let s be 10/15*-12 + 1*(2 + -3). Give o(s).
15
Let a(v) be the second derivative of 41*v**3/6 + 125*v**2/2 - 5*v + 64. What is a(-3)?
2
Let s(g) = 3*g + 23. Let z(w) = 5*w - 6. Let u(i) = -2*i + 2. Let v(l) = -8*u(l) - 3*z(l). Let q(o) = s(o) - 6*v(o). Give q(6).
-7
Let q(o) be the second derivative of 7*o**3/6 - 235*o**2/2 - 796*o. Give q(34).
3
Let y(t) = -2*t - 4. Suppose 0 = 4*w - 23 - 9. Let x be (w/12)/((10/(-12))/5). Give y(x).
4
Let w = 2437 - 2436. Let p(m) = -26*m**2 + 6*m - 5. What is p(w)?
-25
Let b(t) = -14*t. Suppose -4*h + 21 = -d, -28*h = -4*d - 33*h + 21. Determine b(d).
14
Let s(m) = m**2 - 31. Suppose 21 = -4*w - 11*u + 10*u, 2*w + 2*u = -6. What is s(w)?
5
Let p(f) = 585*f**2 - 295*f**2 + 7 - 291*f**2 - 10*f. Calculate p(-11).
-4
Let o(h) = -h + 4*h - 2 - 5*h. Let p be (-52)/(-16)*(-3 - 89). Let t = p - -305. Calculate o(t).
-14
Suppose -3*j + 8 = -6*j + n, -3*n + 16 = -5*j. Let i be ((-10)/(-15) + 0)*(-6)/(-2). Let r(t) = -4*t**i - 68*t - 2 + 34*t + 31*t. What is r(j)?
-12
Let n(l) = 7*l**2 + 5*l - 12. Let r(o) = -10*o**2 - 8*o + 18. Let h(t) = 7*n(t) + 5*r(t). Let g be 1408/(-20)*(-50)/20. Let q = g + -182. What is h(q)?
0
Let b(q) = q**2 - 4*q - 12. Let x = -194 - -203. Let r(t) = 2*t**2 - 7*t - 23. Let o(d) = x*b(d) - 5*r(d). Calculate o(5).
-23
Suppose d - 133 = -88. Let v(y) = -4 + 46*y + 14 - d*y. Give v(0).
10
Let t(v) = v**3 + 21*v**2 - 5. Let p = -1677 + 1656. What is t(p)?
-5
Let y be (0 - (1 - -1))/(-1). Suppose -22 + y = -5*x. Suppose -52 + 20 = x*n. Let o(f) = -f + 4. Determine o(n).
12
Let u(w) = -73*w - 79. Let g(l) = -19*l - 2. Let f(m) = -4*g(m) + u(m). Calculate f(21).
-8
Suppose 22*r + 0*r - 44 = 0. Let b(k) = -4*k**2 + 54 + 49 + 4*k + 5*k**r - 104. What is b(-4)?
-1
Let q(n) be the first derivative of -n**2/2 - 21*n - 1590. Determine q(-20).
-1
Let k(h) = 31*h - 57. Let f be k(2). Let y(x) = -16*x + 0*x - 2*x**2 + 6*x - x - f. What is y(-7)?
-26
Suppose -3*j - z - 2*z + 18 = 0, 5*z - 28 = -3*j. Suppose 0 = -v + 2*v - 3. Let x(l) = 5*l + 0 + 1 + 6*l**v - 7*l. What is x(j)?
5
Let p(z) be the third derivative of 0 + 1/60*z**5 - 8*z**2 + 2*z + 13/6*z**3 - 5/8*z**4. What is p(13)?
-13
Let v(p) be the first derivative of -7*p**2/2 + 26*p + 991. Give v(6).
-16
Let u(n) = 74*n - 38. Let k(h) = 20*h - 9. Let s(f) = 15*k(f) - 4*u(f). Calculate s(17).
85
Let s(z) be the second derivative of z**4/12 - 5*z**3/6 + 3*z**2/2 - 2*z. Let l(t) = t**2 - 11*t + 494. Let o be l(0). Let n = o - 490. What is s(n)?
-1
Suppose 1 = -x + 3*h, 3*h = -2*x - h - 12. Let w = 8 + -5. Let r(y) = -w*y + 3*y**2 + 4*y + 2 - 5 - 2*y**2. Calculate r(x).
9
Let q(i) = -4*i**3 + 2*i + 1. Suppose -5*g = 5*d + 25, -3*g + 20 = -5*d + 3. What is q(g)?
3
Let j(t) = t - 10. Let b be 5 - 0/(6 + -2). Suppose a - 3*r + 6 = -2*a, -2*r = -b*a - 4. Give j(a).
-10
Suppose -3962 = 22*r - 3852. Let a(p) = p**3 + 4*p**2 - 8*p - 10. Determine a(r).
5
Let y(b) = -5433 + 5436 + 0*b + 0*b - b. Suppose -4*s = -2*s + 8. Determine y(s).
7
Let z(p) be the second derivative of p**4/12 - p**3/6 - p**2/2 + 1681*p. Determine z(0).
-1
Let n(h) = -h**2 + 4*h + 22. Let v be ((-143)/(-39) + -5)*15/2. Calculate n(v).
-118
Let o(k) = 7 - 7*k + 2*k**2 - 1 + 11*k + k**2. Let c be o(-2). Suppose 5*m - 4*m = -2*x + 8, -3*x + 4*m = c. Let b(l) = -3*l**2 + l + 1. Calculate b(x).
-9
Let z(h) = -498*h**3 + 497*h**3 + 991 - h - 989. Let a be (-7 + 5)*(-3)/2. Suppose a*g + 0 = 6. Give z(g).
-8
Let o(k) be the first derivative of -k**4/4 + 11*k**3/3 + 15*k - 1966. What is o(11)?
15
Let h(a) be the third derivative of -a**5/30 - 5*a**4/8 - 20*a**3/3 - 4587*a**2. Give h(-5).
-15
Suppose 2*a - 57 + 43 = 0. Let q(d) be the first derivative of 0*d**2 - 7/3*d**3 + 0*d + 1/4*d**4 + 15. What is q(a)?
0
Suppose -5*z + d + 8 = 0, -4*z + 4 = -7*z + 5*d. Let l be 3/(-2)*(-14)/7. Let s(x) = -4 + 9 - 8 + l*x. Calculate s(z).
3
Let y = -1421 - -2121. Suppose y = 3*p + 733. Let b(d) = d**3 + 12*d**2 + 11*d - 6. Determine 